e number?
True
Is 20564347 a prime number?
False
Is 404803 a prime number?
False
Is 178040399 a composite number?
False
Is 187529 prime?
False
Is 3160007 composite?
False
Is 2223797 a composite number?
True
Is 1475827 a composite number?
False
Is 271688957 composite?
False
Is 11115631 prime?
False
Is 4719829 a prime number?
False
Is 2709869 a composite number?
True
Is 2405297 a prime number?
True
Is 15469577 composite?
False
Is 159564517 a prime number?
False
Is 1207079 a prime number?
True
Is 8281083 composite?
True
Is 74398843 composite?
False
Is 2985809 composite?
False
Is 88503 composite?
True
Is 1333297 composite?
True
Is 73384763 a composite number?
True
Is 2154707 composite?
False
Is 17227657 prime?
True
Is 204047 composite?
False
Is 4435397 a composite number?
False
Is 143190281 composite?
True
Is 13408363 a prime number?
False
Is 2502443 prime?
True
Is 15892993 composite?
True
Is 81409877 composite?
False
Is 1388623 prime?
True
Is 6668341 prime?
True
Is 1045607 composite?
False
Is 6711637 composite?
False
Is 4788887 prime?
True
Is 2255191 a composite number?
False
Is 1618973 a prime number?
True
Is 12572531 prime?
True
Is 2298937 prime?
True
Is 1600661 prime?
False
Is 7070087 a prime number?
True
Is 1699897 a prime number?
True
Is 605687 a composite number?
False
Is 38864041 a composite number?
True
Is 1464689 composite?
False
Is 2523251 a composite number?
False
Is 16910389 a prime number?
True
Is 5753351 prime?
True
Is 2902283 prime?
False
Is 511051 composite?
True
Is 336522803 a prime number?
False
Is 189415463 composite?
False
Is 229332421 composite?
False
Is 287732933 prime?
True
Is 27348973 a prime number?
True
Is 9389539 composite?
True
Is 27007817 a composite number?
True
Is 819977 a composite number?
False
Is 70436381 a prime number?
False
Is 10858469 a composite number?
True
Is 4948061 a composite number?
True
Is 1750319 a composite number?
False
Is 16268993 a prime number?
False
Is 133534951 a prime number?
False
Is 12082663 a prime number?
True
Is 1688123 composite?
False
Is 147959719 composite?
False
Is 55016441 composite?
False
Is 1332283 a composite number?
False
Is 52696569 a composite number?
True
Is 9784447 prime?
False
Is 19671409 prime?
True
Is 48736033 prime?
False
Is 3056759 composite?
False
Is 101973845 a composite number?
True
Is 10677509 a prime number?
True
Is 150616567 prime?
False
Is 173509337 a prime number?
True
Is 33062531 a prime number?
True
Is 18833017 a prime number?
False
Is 470671165 a composite number?
True
Is 1936861 a prime number?
False
Is 1539007 composite?
True
Is 5019101 composite?
True
Is 368101303 a prime number?
True
Is 8219989 a composite number?
True
Is 7853333 a prime number?
True
Is 68092823 prime?
True
Is 173701289 composite?
False
Is 310531 a prime number?
False
Is 274791607 prime?
True
Is 81091551 prime?
False
Is 8278261 prime?
True
Is 28793302 a prime number?
False
Is 5940185 a prime number?
False
Is 22045589 composite?
False
Is 9161443 a composite number?
True
Is 11632847 composite?
True
Is 126166613 prime?
False
Is 3577862 prime?
False
Is 2021777 a prime number?
True
Is 2242639 a composite number?
True
Is 8213279 prime?
True
Is 243209297 a prime number?
True
Is 186563009 a composite number?
False
Is 7992371 composite?
True
Is 357060461 composite?
False
Is 331940327 composite?
False
Is 21409433 prime?
False
Is 411070207 a composite number?
False
Is 16240655 a prime number?
False
Is 10766507 a prime number?
False
Is 5845051 a composite number?
True
Is 38474477 a composite number?
True
Is 414943 prime?
False
Is 22437379 composite?
False
Is 25822943 prime?
False
Is 4793363 a prime number?
True
Is 2009299 prime?
True
Is 26518301 a prime number?
True
Is 136296577 a prime number?
True
Is 2076847 prime?
False
Is 183094181 composite?
False
Is 54639073 composite?
False
Is 17277541 prime?
True
Is 33513683 prime?
False
Is 25191821 composite?
False
Is 9410671 a prime number?
True
Is 25912613 a composite number?
False
Is 416797 a composite number?
False
Is 45226369 composite?
True
Is 103297607 a composite number?
True
Is 3893809 a composite number?
True
Is 786547 a composite number?
False
Is 5389351 composite?
True
Is 144253519 a prime number?
False
Is 2966351 composite?
False
Is 175479643 prime?
False
Is 1333130413 a composite number?
False
Is 53561419 composite?
True
Is 4654249 a prime number?
False
Is 6112199 a composite number?
False
Is 14848801 prime?
False
Is 1700281 prime?
False
Is 889123 prime?
True
Is 73741729 prime?
True
Is 6516811 a composite number?
True
Is 1846473 a composite number?
True
Is 6070487 a composite number?
False
Is 1775693 composite?
True
Is 14332121 a composite number?
False
Is 7808179 composite?
True
Is 8317843 prime?
True
Is 2705441 composite?
False
Is 128295161 a prime number?
True
Is 475176823 composite?
True
Is 4387769 composite?
False
Is 9283991 composite?
True
Is 1145593 prime?
True
Is 67511074 a composite number?
True
Is 1058647 composite?
True
Is 63412897 a composite number?
False
Is 219309887 prime?
True
Is 25856977 composite?
False
Is 6558619 composite?
False
Is 580529 a composite number?
False
Is 13711513 composite?
True
Is 19530337 prime?
False
Is 11477077 prime?
True
Is 1601477 composite?
False
Is 46322117 a composite number?
False
Is 25647641 a composite number?
False
Is 12141001 prime?
True
Is 12181891 composite?
True
Is 112801709 composite?
True
Is 29880283 composite?
False
Is 12808937 a prime number?
True
Is 204785261 a composite number?
True
Is 384509 composite?
False
Is 33089954 prime?
False
Is 4233923 composite?
True
Is 202785823 composite?
False
Is 50569979 composite?
True
Is 350276473 a composite number?
False
Is 1600787 a prime number?
True
Is 30041369 a prime number?
True
Is 163729711 a composite number?
True
Is 42696461 a composite number?
True
Is 2494463 a prime number?
True
Is 6893867 composite?
False
Is 9903281 a composite number?
False
Is 1325887 a prime number?
False
Is 3319105 composite?
True
Is 42929713 prime?
True
Is 1218751 a composite number?
True
Is 4730633 composite?
True
Is 4529247 composite?
True
Is 550261 a prime number?
False
Is 269017 composite?
True
Is 26107351 composite?
False
Is 10962143 composite?
False
Is 2224289 a composite number?
False
Is 3143539 prime?
False
Is 75052301 composite?
True
Is 779327 a composite number?
False
Is 10117913 a composite number?
True
Is 873959 a composite number?
False
Is 168473191 composite?
True
Is 19583219 composite?
True
Is 4915673 a composite number?
True
Is 71615393 a composite number?
True
Is 299217773 composite?
True
Is 19418519 a composite number?
False
Is 1228219 prime?
True
Is 69496061 prime?
True
Is 701903 a composite number?
False
Is 4892231 prime?
False
Is 6222542 a prime number?
False
Is 1007707 a prime number?
False
Is 916613 a composite number?
False
Is 513429869 composite?
True
Is 157600237 a composite number?
False
Is 176635801 prime?
False
Is 874841 composite?
True
Is 436201 prime?
False
Is 5933093 a composite number?
False
Is 212888351 a composite number?
True
Is 476249 prime?
True
Is 33602899 a prime number?
False
Is 52353577 a composite number?
False
Is 2283569 composite?
True
Is 131548693 prime?
False
Is 6521813 prime?
True
Is 40690187 a composite number?
False
Is 8508673 a prime number?
False
Is 38872973 a prime number?
False
Is 3094411 composite?
False
Is 190801801 prime?
False
Is 2153119 composite?
True
Is 520433 prime?
True
Is 300481 a composite number?
False
Is 11125162 a prime number?
False
Is 1944659 prime?
True
Is 17809709 composite?
False
Is 8566715 a prime number?
False
Is 9806989 prime?
True
Is 109076147 a composite number?
True
Is 4532021 a composite number?
True
Is 6352651 prime?
True
Is 3007127 composite?
True
Is 1373629 composite?
True
Is 75527449 prime?
False
Is 19395481 composite?
True
Is 2318109 prime?
False
Is 196153717 composite?
True
Is 57301151 a prime number?
False
Is 2971031 a composite number?
True
Is 567997253 a prime number?
True
Is 6366335 prime?
False
Is 2983091 a composite number?
False
Is 59636683 a prime number?
False
Is 21688699 composite?
False
Is 55586561 a prime number?
False
Is 1893271 composite?
True
Is 57480331 a composite number?
True
Is 211831 composite?
True
Is 23432383 a prime number?
False
Is 424873 a prime number?
Fals